ne b(2).
0
Let s(x) = -14*x + 38. Let q(l) = 3*l - 7. Let n(y) = 11*q(y) + 2*s(y). Calculate n(1).
4
Let q(d) = 5*d**3 - 4*d**3 + 0*d - 2*d**2 - 2 - 3*d. What is q(3)?
-2
Let z = 15 - 10. Let r(i) = 3391 - 6*i - 3393 + 2*i. What is r(z)?
-22
Suppose -d - 23 = -39. Let f(z) = -2*z + 24. Calculate f(d).
-8
Suppose i = 2*i - 8. Suppose -8*s = -10*s - i. Let h(m) = -5 + m - 2*m - 1. Calculate h(s).
-2
Let j(q) = q**3 - 5*q**2 + 4*q - 2. Suppose -2*y = -7*y + 25. Suppose -6 = b - y. Let f be b/((-4)/24) - 3. Determine j(f).
-8
Let a(j) = 5*j - 1. Let y be (21 + -25)*(-30)/8. Suppose y = 12*k - 9. Give a(k).
9
Let w(p) = -p**3 - 5*p**2 - 5*p + 3. Let z = -119 - -114. Give w(z).
28
Let k(b) be the third derivative of b**6/120 - b**5/10 - b**4/3 + 2*b**3/3 + 30*b**2 + 4*b. Give k(7).
-3
Let k(h) = -h**3 + h**2 + h. Let v(t) = t**3 + 8*t**2 - 3. Let m(l) = 2*k(l) + v(l). What is m(10)?
17
Suppose -2*h + 6*j - 8 = 2*j, -10 = -4*h - 5*j. Let s(d) = d - 6. Determine s(h).
-6
Let d(t) = -4*t**3 - t**2 + 7*t - 5. Let h(w) = 5*w**3 - 8*w + 5. Suppose -3*q + 3 = 0, -3*q = 3*v - 2*q - 10. Let s(p) = v*h(p) + 4*d(p). Determine s(-5).
0
Suppose 11 + 34 = 9*v. Let t(d) = 3 + 2*d - 18*d**2 + 12*d**2 + v*d**2. Determine t(3).
0
Let p(f) = 9 + 23 - 9*f - 39. Give p(-6).
47
Let w(h) be the third derivative of 11*h**6/120 - h**5/60 - 7*h**2 - 1. Give w(1).
10
Let w(c) = 7*c**3 + 45*c**2 - 8*c + 45. Let a(q) = 3*q**3 + 22*q**2 - 3*q + 23. Let f(h) = 5*a(h) - 2*w(h). Give f(-20).
5
Let v(n) be the second derivative of 5*n**3/6 - 12*n. Let c = -50 + 48. What is v(c)?
-10
Let o(p) = 2*p - 2. Suppose -n = -a + 7, 16 = n + n + 4*a. What is o(n)?
-6
Let z(k) = -3*k**2 + 11*k + 1. Let a(u) = 5*u**2 - 16*u - 1. Let f(y) = -5*a(y) - 8*z(y). Let d = -15 + 8. Give f(d).
4
Let u(i) = -4 + 165*i + 3*i**2 + 3 - 164*i. Let l be (1 + -3)*(2 + -4). Suppose -6 = -l*s - 2. What is u(s)?
3
Let p(q) be the second derivative of q**5/20 - q**4/6 + q**3/6 + q**2 + q. Let z = -1967 + 1970. Calculate p(z).
14
Let b(t) be the third derivative of 0 - 1/12*t**4 - 2/3*t**3 + 1/60*t**5 + 25*t**2 + 0*t. Determine b(4).
4
Let y(t) = t**2 - t + 2. Let v(h) = 3*h + 4. Let u be v(-3). Let c(m) = -2*m - 7. Let q be c(u). What is y(q)?
8
Suppose -4*l = 3*r - 5, 8*r = 7*r - l. Let p(u) = 2*u**3 - 2*u**2 + 2*u + 1. Let g(y) = 5*y**3 - 3*y**2 + 4*y + 2. Let m(o) = 3*g(o) - 7*p(o). Give m(r).
9
Let p(h) = 2*h**2 + 4*h - 5. Suppose -q = -3*v - 64, 4*q - 14 - 2 = 0. Let o = v + 16. What is p(o)?
11
Let w(g) = -5*g - 2. Let p(u) = u**2 - 3. Let h be p(-4). Suppose -2*v = 5*b - 20, h = b - 3*v - 8. Suppose -y + 4 = b. What is w(y)?
8
Let c(v) be the third derivative of -1/120*v**6 + 0*v + 0 + 0*v**5 + 0*v**3 - 5*v**2 - 1/24*v**4. Calculate c(1).
-2
Let d(b) be the first derivative of b**3/6 + b**2 + 19*b - 33. Let g(u) be the first derivative of d(u). Calculate g(-5).
-3
Let f(o) = -o + 13. Let h be f(11). Suppose 2*u + h*k + 3 + 1 = 0, 3*u - 4 = 2*k. Let y(b) = -b**2 + 9. Calculate y(u).
9
Let r(l) = 2 + 354*l**2 - 9 + 7*l - 351*l**2. Give r(-3).
-1
Let a(r) be the third derivative of r**5/15 - r**3/6 + 98*r**2. Let h(y) = -y + 6. Let d = 6 + -1. Let n be h(d). Calculate a(n).
3
Let l(p) = -2*p. Let g(u) = -3*u - 1. Let j(x) = -4*g(x) + 3*l(x). Suppose f + 12 = -4*d, 0*d - 8 = f + 2*d. Calculate j(f).
-20
Let t(g) = g**2 - 5*g + 1. Let u(s) = -2*s**2 + 13*s - 40. Let d(p) = -3*t(p) - u(p). Give d(7).
2
Let i(v) = 21*v**3 - 19*v**3 - 4*v**2 + 2*v**2 - v. Suppose 2*a = 4*p - 14, 5*a - 4*p + 23 = 6. Determine i(a).
-3
Let n(k) = k**3 + 2*k**2 - 6*k - 4. Suppose 0 = 3*z + 4*b - 35 + 8, 5*z = b + 22. Let j = 14 + 1. Suppose 0*f + f = -4*h - j, 0 = h - z*f + 9. Determine n(h).
-12
Let s(f) = -f + 244*f**3 - 104*f**2 + 106*f**2 - 269*f**3. What is s(1)?
-24
Let z be 0 + 4/4 - 1. Let t(p) = -2*p + p + z*p + 0 - 2. Let k = 3 - 3. Calculate t(k).
-2
Let w(m) be the first derivative of -m**5/20 + m**4/6 + m**3/6 + m**2/2 - 11*m - 11. Let d(j) be the first derivative of w(j). Calculate d(3).
-5
Let d(x) = -16*x**2 + 5*x + 49. Let q(r) = 15*r**2 - 4*r - 41. Let l(t) = -5*d(t) - 6*q(t). Give l(1).
-10
Let o(r) = 29*r. Let h(y) = 13*y. Let s(g) = 9*h(g) - 4*o(g). Let b be 1/3*-5*-3. What is s(b)?
5
Suppose 2*d = -4 - 0. Let q be 0 + (-1 - (-6 - -2)). Let m(b) = 6*b + 2 + q - 4 + 2*b. What is m(d)?
-15
Let c(v) = -v**2 + 2*v - 1. Suppose -15 = 6*z - 9*z. Suppose -2*g + z = 3. Give c(g).
0
Let m(h) be the third derivative of h**6/120 + 7*h**5/60 - h**4/24 + 11*h**3/6 - 3*h**2 - 23. Give m(-8).
-45
Let g(l) = -l**3 - 3*l**2 - l + 1. Let a be g(-2). Let b be ((-2)/(-5))/(a/(-5)). Let p(y) = -6 - b - 5*y + y**2 + 3. Give p(5).
-5
Let p(v) be the second derivative of v**5/20 + 25*v**4/12 - v**3/6 - 29*v**2/2 + 677*v. Determine p(-25).
-4
Let r(f) be the second derivative of f**4/6 - f**3 + f**2 + 12*f. Let d be r(2). Let l(h) = -h**3 + 2*h + 3. Determine l(d).
7
Let x = -23 - -35. Let h = x + -17. Let s(z) = -z**3 - 6*z**2 - 7*z - 7. Determine s(h).
3
Let x be 26/(-65) + (-24)/(-10). Suppose -4*p + 9 = -3*c, -x*p + 3*p + 2*c = -6. Let y(k) = -6 + 3*k**3 + 3*k**3 - 7*k**3 + k. Give y(p).
-6
Let y = -189 - -187. Let c(b) = b**3 + 6*b**2 + 3*b. What is c(y)?
10
Suppose -50*y + 62*y = -96. Let s(m) = m**3 + 8*m**2 + 5*m + 11. Determine s(y).
-29
Let w(v) = 6*v + v + 1 - 2*v. Let q(c) = c**2 - 13*c + 16. Let a be q(12). Give w(a).
21
Suppose -5*t + 14 = -46. Suppose -3*g = 3*s + 12, -3*g - s + t = -6*s. Let o(v) = 5*v. Calculate o(g).
-5
Let s = -75 - -70. Let l be (s/1)/5 + 0. Let q(r) = -26*r**3 + r**2 + 2*r + 1. Calculate q(l).
26
Suppose 0*r - 2*r - 12 = 4*o, 21 = 4*r - o. Let a(w) = -w + 0*w**3 + r*w**2 + 2 + 16*w**3 - 15*w**3. Give a(-4).
6
Let u(s) = -s**3 - s**2 + 3*s - 2. Let h = 22 - 20. Suppose 4*c - 3*l = -0*l - 4, -3*l = h*c - 16. Give u(c).
-8
Let m(a) = -3 - 14*a + a**2 - 3*a**2 + 4*a - 24*a - 14. Calculate m(-16).
15
Let p(l) = 13*l + 120. Let f be p(-11). Let q(h) = -2*h - 48. Give q(f).
-2
Suppose 4*o + 24 = g, -3*o + 3*g = o + 32. Let b(q) = -8*q - 2. Calculate b(o).
38
Suppose 3*u - 8*u - 2*z = -47, -z = 5*u - 51. Let a(n) = n**3 - 10*n**2 - 13*n + 18. What is a(u)?
-4
Let n be ((-27)/18)/((-3)/8). Suppose -v - n = 4. Let o(u) = -u**2. Let h(a) = 2*a**2 + 10*a + 12. Let q(y) = -h(y) - o(y). What is q(v)?
4
Let b(n) = -n**3 + n**2 + 40. Suppose -58*o + 60*o = -5*c, 2*c = 2*o. Determine b(c).
40
Suppose 3*q - q = 3*a - 13, 3*a - 3*q = 12. Suppose t = a*t - 8. Let g(x) = -x**t - 6*x**2 - 1 + 6*x**2. Calculate g(-2).
-5
Let w(r) be the third derivative of r**4/24 - 5*r**3/6 + 20*r**2. Give w(11).
6
Let o be ((-16)/12)/((-4)/6). Let j(v) = -v**o + 13*v + 0*v**2 - 9*v + 0 - 6. Calculate j(5).
-11
Let w be (11/22)/((-3)/54). Let t(b) = 2*b - 9. Let z be t(6). Let h be z/w + (-44)/12. Let f(c) = -c + 3. Determine f(h).
7
Let s be (12/(-14))/(9/(-42)). Let f be 196/10 + s/10. Suppose -3*d = d + f. Let w(n) = n**2 + 5*n - 4. Determine w(d).
-4
Let r(h) = h**3 + 4*h**2 + 5. Let w = -3 - -5. Suppose -w*d + 18 = d. Let i be (5 - d)/(1/4). Determine r(i).
5
Let b(j) = j**3 + j**2 - j - 8. Let i(m) = 5*m + 4. Let v(w) = -6*w - 5. Let s(r) = -7*i(r) - 6*v(r). Let g be s(-2). Calculate b(g).
-8
Let v(s) = 11*s**3 - s**2 + s + 1. Let t(d) = -2*d**3. Let f(i) = -6*t(i) - v(i). Let o = 1 + -1. Calculate f(o).
-1
Let u be ((-390)/40)/((-6)/16). Let s = u - 20. Let h(a) be the first derivative of -a**4/4 + 7*a**3/3 - 3*a**2 - a - 1. Determine h(s).
-1
Let t(b) = -b + 5. Let x be (-3)/(-2) + (0 - 6/(-4)). What is t(x)?
2
Let b(p) = -10*p + 27. Let g(a) = -19*a + 48. Let x(o) = -11*b(o) + 6*g(o). Calculate x(-5).
11
Let q(j) be the third derivative of -j**5/60 - 4*j**3/3 + 2*j**2. Let h(k) = 5*k**2 + 33. Let r(o) = -2*h(o) - 9*q(o). Let z = -894 - -894. What is r(z)?
6
Suppose 36 = -u + 5*u. Let c(b) = -b**2 - 10*b + 7. Let s be c(-10). Suppose -s*f = -4*f - u. Let d(j) = 2*j**2 - 3*j - 1. What is d(f)?
8
Let l(a) be the third derivative of a**5/30 + 5*a**4/24 - a**3/2 - 161*a**2. Give l(-4).
9
Suppose -f = -6*f + 70. Suppose -f - 6 = -5*v. Let i(k) = -k**2 + 4*k + 1. Calculate i(v).
1
Let y(k) = k + 13. Suppose 5*o + 20 = -5*m, 8*o = 13*o - 3*m + 60. Determine y(o).
4
Let p(a) be the first derivative of 1/2*a**2 + 10 + 0*a**3 - 1/4*a**4